the remainder when 34 is divided by p?
10
Let w = 1 + 1. Let u be 11/w + 2/4. Let d(g) = g**2 - 6*g + 8. Calculate the remainder when 15 is divided by d(u).
7
Let z = 58 - 90. Let c = -18 - z. What is the remainder when 26 is divided by c?
12
Suppose 2*h + 92 = -2*z - 4, 4*z - 116 = 3*h. Suppose -d - 3*d = 120. Let j = d - h. Calculate the remainder when 26 is divided by j.
12
Let d = 7 + -4. Suppose -10 = d*a + 4*n, -5*a - 6 = 3*n + n. What is the remainder when ((-2)/a)/((-3)/60) is divided by 11?
9
Let c(v) = -v**3 - 7*v**2 + 6*v. What is the remainder when 31 is divided by c(-8)?
15
Suppose 2*j - 128 = 2*t - 0*j, -j + 192 = -3*t. Let b = t - -90. Suppose -2*p + 0*p + 18 = 0. Calculate the remainder when b is divided by p.
8
Suppose 0 = -2*d - d + 33. What is the remainder when 43 is divided by d?
10
Let z = -3 - -6. What is the remainder when z is divided by 3?
0
Suppose 128 + 70 = 6*i. Calculate the remainder when i is divided by 5.
3
Let r(m) = -m**2 + 6*m + 7. Let d be r(7). Suppose 3*z + d*z - 141 = 0. Calculate the remainder when z is divided by 16.
15
Suppose 0*y - 3*y = 2*n - 22, 3*n - 3 = 3*y. Let b = 39 - y. What is the remainder when b is divided by 12?
11
Suppose -2*f = -0 - 34. Let n be (-3)/(20/16 - 2). Suppose -3*z = 5*h - 7*z - 180, n*z = -2*h + 44. What is the remainder when h is divided by f?
15
Let u(w) = -w**2 + 18*w - 59. What is the remainder when 27 is divided by u(11)?
9
What is the remainder when ((-57)/(-2))/(-3)*-2 is divided by 25/4 - (-27)/36?
5
Suppose 193 + 495 = 8*m. Calculate the remainder when m is divided by 30 - (3 + (-2 - 0)).
28
Suppose c - f - 28 = 4*f, -2*c = f - 12. What is the remainder when 13 is divided by c?
5
Let o = -6 - -5. Let h = o - -8. Calculate the remainder when h is divided by 3.
1
Let y(m) be the third derivative of -m**6/120 + m**5/10 + 3*m**4/8 - 7*m**3/6 - 5*m**2. Calculate the remainder when y(7) is divided by 3.
1
Suppose 0 = -3*h - 62 + 17. Let o = -20 + h. Let u = o + 58. Calculate the remainder when u is divided by 8.
7
Suppose 16*x - 7*x - 108 = 0. What is the remainder when 21 is divided by x?
9
Let o(q) = -q**3 - 5*q**2 - 3*q - 6. Let p be o(-5). Let u(y) = y**2 - 7*y - 11. What is the remainder when 25 is divided by u(p)?
4
Suppose 4*a - 8*a = -128. What is the remainder when (-4)/(a/(-20))*26 is divided by 17?
14
Suppose 5*w = 4*u - 73, 4*u = -4*w - w + 23. What is the remainder when 47 is divided by u?
11
Suppose 4*m - 1 - 3 = 0. Let d(n) = n**2 - 6*n + 3. Calculate the remainder when d(6) is divided by m.
0
Let k = 6 - -12. What is the remainder when (6/5)/(k/300) is divided by 11?
9
Suppose -4*n + 93 = 5*m, 0 = -8*m + 12*m - 4*n - 60. What is the remainder when 43 is divided by m?
9
Let b = -1 - -3. Suppose -5*j + 14 = -21. Calculate the remainder when j is divided by b.
1
Let d(n) = -n**2 + 4*n - 2. Let q be d(3). Let f(g) = 23*g + 1. What is the remainder when f(q) is divided by 13?
11
Suppose -5*q = -0*q - 25, -2*x = -2*q + 36. Let g = x - -22. Let n(u) = u**3 + u**2 + u + 25. Calculate the remainder when n(0) is divided by g.
7
Let x(z) = 10*z**3 - 2*z**2 + z. What is the remainder when 25 is divided by x(1)?
7
Let l(q) = 4*q**3 + 2*q**2 - q + 2. Let c be l(2). Suppose -c = -4*w + 2*w. Suppose -w = -3*h + 4. What is the remainder when h is divided by 3?
2
Let f(w) = -3*w + 3. Calculate the remainder when 61 is divided by f(-6).
19
Let y(w) be the third derivative of w**6/120 + w**5/15 - w**4/8 - w**3/3 + 2*w**2. Let s be y(-5). What is the remainder when ((-16)/s)/(1/6) is divided by 5?
3
Let h(f) = -f**2 - 26*f - 39. Let q(b) be the first derivative of b**3/3 + 5*b**2/2 - 3*b - 1. Calculate the remainder when h(-24) is divided by q(-6).
0
Suppose 0 = 3*y - 7*y + 12, -2*y - 3 = 3*d. Calculate the remainder when 4/(-6)*(d - 0) is divided by 1.
0
Suppose 2*f - 13 = b, 2 = f - 4*b + 2*b. What is the remainder when 54 is divided by f?
6
Suppose j - 255 = -4*l + 4*j, -l + 85 = -5*j. Suppose 5*u = 5*i + l, 2*u + 0*u = -4*i. Let d = -4 + u. Calculate the remainder when d is divided by 2.
0
Let z = 13 - 5. Let a = -24 + 47. Calculate the remainder when a is divided by z.
7
Suppose 0 = 5*g, g - 37 + 7 = -5*y. Suppose 0 = q - 49 + y. Suppose 4*k - 38 = 50. Calculate the remainder when q is divided by k.
21
Calculate the remainder when 26 is divided by (-3 - -5)/(-1) - -16.
12
Let y = -84 + 89. Suppose -70 = -3*m + 2*b, 2*m + m - b = 71. Calculate the remainder when m is divided by y.
4
Suppose -4*l + 176 + 100 = 0. Suppose l = 4*o + 13. Suppose -u + 12 = 3*u, 0 = k - 5*u - o. What is the remainder when k is divided by 10?
9
Let f(h) = -h**3 - 2*h**2 - h + 34. Calculate the remainder when f(0) is divided by 19.
15
Let w(c) = c - 6. Let h be w(6). Let m(z) = -z**2 + 20. Calculate the remainder when m(h) is divided by 11.
9
Let z(a) = -2*a**3 + a**2 + a - 3. Calculate the remainder when z(-3) is divided by 21/14*5*2.
12
Let k(g) = -g**3 + 21*g**2 - 18*g - 26. Calculate the remainder when 68 is divided by k(20).
12
Suppose 3*w = -4*a + 49, -15 = -a + 5*w + 3. What is the remainder when a is divided by 7?
6
Suppose 4*h + h - 145 = -3*x, h - 5*x = 1. Calculate the remainder when h is divided by 8.
2
Let w = -4 + 8. Let n(q) = -q**2 + 7*q + 3. Suppose 0*y - 23 = -5*l + 3*y, 3*l - 5 = 4*y. Calculate the remainder when w is divided by n(l).
1
Suppose -27 = 4*i - u - 147, -5*i + u = -151. Suppose -i - 24 = -5*s. Calculate the remainder when 2/(-1) - s*-1 is divided by 5.
4
Let u(o) = 6*o**2 - 4*o - 7. Calculate the remainder when u(-3) is divided by 31.
28
Let f = -7 - -1. Let j be -2*(f/4 - -1). Calculate the remainder when 27 is divided by 7*(0 + 3 - j).
13
Let n(z) = 49*z**2 - 3*z - 12. Calculate the remainder when n(-3) is divided by 55.
53
Let q = 26 - 4. Suppose 0 = -i + 2 - 1, -3*a + 16 = i. What is the remainder when q is divided by 4 + (2 - a) - -5?
4
Suppose 0 = y + 2 - 4. Let j = y - 1. Suppose -9 + j = 4*d, r + 4*d = -1. What is the remainder when 26 is divided by r?
5
Let o be 6/(-8) - (-11)/4. Let r(g) be the third derivative of g**5/15 - g**3/3 + 2*g**2. Calculate the remainder when 27 is divided by r(o).
13
What is the remainder when (54 + 1)*(-10 + 11) is divided by 14?
13
Let a(h) be the third derivative of -h**6/120 - h**4/24 + h**3/6 - 4*h**2. Calculate the remainder when 3 is divided by a(0).
0
Suppose -3*x = 4*d - 76, 1 + 47 = 3*x - 3*d. Calculate the remainder when 57 is divided by x.
17
Suppose -4*g + 3*g = 28. Let o = 12 - g. Suppose 0*t = -4*t + 84. What is the remainder when o is divided by t?
19
Suppose i = 4*d + 13, i = 3*i + 3*d - 37. Suppose 3*b - 4*q - 26 = 0, 4*q + 10 = -q. What is the remainder when i is divided by b?
5
Suppose 5*i + 3*x = 95 + 16, i = x + 19. Let o(f) = 13*f - 9. What is the remainder when o(7) is divided by i?
19
What is the remainder when 24 is divided by ((-21)/12)/(6/(-24))?
3
Let i = 77 + -35. Calculate the remainder when i is divided by 11.
9
Let v = 1 - -6. Suppose -o = -4*f + v, 4*f - 2*f + 4*o - 8 = 0. Suppose -4*s - 20 = 0, -4*j + 57 = s + f*s. What is the remainder when 35 is divided by j?
17
Let k = -37 + 66. Let o = -15 + k. What is the remainder when 54 is divided by o?
12
Let n = -70 - -92. What is the remainder when 107 is divided by n?
19
Let x be 10/(-35) + 16/7. Suppose 2*k - 4*k + x = 2*h, 0 = 5*h - 20. What is the remainder when 8 is divided by 1*k*(3 - 4)?
2
Suppose -2*j = -3*n - 44, 2*j = -j + n + 66. Let b = 30 - j. What is the remainder when 29 is divided by b?
5
Suppose 5*p - 37 + 7 = 0. Calculate the remainder when 11 is divided by p.
5
Suppose 12 = 3*b - 24. Suppose o + q = 2 + 2, 0 = 5*o + q - b. Suppose -4*s - 2*x = -16, 0 = 3*x - 10 - 2. What is the remainder when o is divided by s?
0
Let f = 61 + -49. What is the remainder when 22 is divided by f?
10
What is the remainder when (12/8)/(9*(-1)/(-888)) is divided by 50?
48
Let p(i) = i**3 - 4*i**2 + 3*i + 3. Let z be p(3). Suppose -5*b - 22 = r, 5*r = b + z + 17. Calculate the remainder when 8 is divided by r.
2
Let x be 7/1 - (1 + -4). Let i(l) = l**3 - 3*l**2 - 14*l + 1. Let w(b) = b**2 - 1. Let d(h) = -i(h) + 6*w(h). What is the remainder when d(x) is divided by 17?
16
Let i = 4 + -2. Suppose -3*c - 3*w = 2*c - 37, i*w + 12 = 4*c. Suppose 0 = 2*x -